ommon divisor of l and k?
4
Suppose -3*b - 34 = -2*r, 0*b + 38 = 2*r - 4*b. Suppose k + j + 34 = 2*k, k - 2*j = 35. What is the highest common divisor of k and r?
11
Let t(v) = -184*v - 32. Let p be t(-3). What is the greatest common divisor of p and 40?
40
Let b = 96 - 95. What is the greatest common divisor of b and 32?
1
Suppose 0 = 2*w + 2*g - 128, 3*g = -w + 9 + 47. Suppose -119 = -3*z - w. Calculate the highest common divisor of z and 17.
17
Let d = -706 + 1035. What is the highest common divisor of 94 and d?
47
Let c be ((-3)/6 - 0)*-52. Suppose 1479 - 75 = 6*v. Calculate the highest common factor of c and v.
26
Let o be (-9405)/(-18) + -7 - 1/(-2). What is the highest common divisor of 36 and o?
12
Let l(n) be the second derivative of -n**5/20 - n**3/3 + 289*n**2/2 - 39*n. Let x be l(0). What is the greatest common divisor of 17 and x?
17
Let h = -5 + 8. Let z = 8556 - 8532. Calculate the highest common factor of h and z.
3
Let o(f) be the third derivative of f**4/24 - f**3/2 - f**2. Let v be o(-11). Let z be (41 - v)/(1 + 0). Calculate the greatest common factor of 5 and z.
5
Let r be -2 - -4 - (-3 + 1). Let x be 4/1 + (r - -17). Calculate the highest common divisor of x and 175.
25
Let i = 1935 + -1927. Calculate the greatest common divisor of i and 14.
2
Let b(m) = -96*m**3 - m**2 - m. Let p be b(-1). Suppose 0 = q - 3, 5*i - q - 126 = -3*q. What is the greatest common divisor of p and i?
24
Let s(x) = 17*x**2 + 14*x + 4. Let r be s(-4). What is the greatest common divisor of 15 and r?
5
Suppose 2*p + 5*r + 324 = 0, -r = p - 4*r + 184. Let w = -39 - p. Calculate the greatest common divisor of w and 19.
19
Suppose 3*d - 4*t + 11 + 9 = 0, t - 5 = -2*d. Let q be 18 - d - (25 - 23). What is the highest common factor of 8 and q?
8
Let h be (-5047)/(-294) + 2/(-12). Calculate the greatest common factor of 34 and h.
17
Let q(i) be the first derivative of 7*i**2 + 6*i + 3. Let g be (-2)/(-4 + 3) - -1. Let p be q(g). Calculate the highest common factor of p and 16.
16
Let t be (0/(1 + 4))/1. Suppose 2*n + t*l = -4*l + 14, -5*n + 5*l + 50 = 0. What is the highest common divisor of n and 6?
3
Let a(t) = 2*t**2 - 6*t + 39. Let g be a(6). Calculate the highest common factor of g and 30.
15
Let q be -45 + 41 - (506/(-1))/2. What is the greatest common factor of 3 and q?
3
Suppose -8*w = -5*x - 5*w + 694, 3*x + w = 422. Suppose -245 = -3*o + f, o + 4*f = -o + x. Calculate the highest common factor of 20 and o.
20
Let x = -25 - -27. Suppose -4*m = 3*d + 7, -2*d + 18 = -0*m - 3*m. Calculate the highest common divisor of x and d.
1
Let k = -41 - -97. Suppose 0*h - 8 = -4*h. Suppose 0 = -h*j - 4 + 2, y = -j + 7. What is the greatest common factor of k and y?
8
Let s be 9/54*2/1*12. Suppose -2*t = s*n - 14, -5*n + 25 = -14*t + 18*t. What is the highest common divisor of 7 and n?
1
Let s be (1/(-2))/(2/(-380)). Suppose -2*t - 3*p = -47, 3*p = 2*t - 14 - 15. What is the highest common divisor of t and s?
19
Suppose -4*b + 3*j - 6*j = 101, 4*b + 96 = -4*j. Let p = 34 + b. Calculate the greatest common factor of p and 20.
5
Suppose -1 = -u + 4*u + 2*x, -4*u + 2*x = -22. Let f(d) = -3*d**2 - 17*d - 17. Let j be f(-4). Calculate the highest common divisor of j and u.
3
Suppose 4*g = 5*l + 74, 5*l - 75 - 19 = -4*g. Suppose -33 = -2*y + g. What is the highest common factor of y and 297?
27
Let d(a) = -23*a + 1121. Let h be d(48). Calculate the greatest common divisor of h and 1088.
17
Let x = -134 - -254. Suppose -64*u + 285 = -45*u. Calculate the greatest common divisor of u and x.
15
Let g(d) = 3*d**2 - 5*d + 13. Let v be g(8). What is the greatest common factor of 11 and v?
11
Suppose 5*y = 3*y + 10. Suppose y*q = 3*k - 151, 0*k + q = -4*k + 163. What is the highest common divisor of k and 14?
14
Suppose -q - 2*q = 5*f - 180, -3*q - 4*f + 183 = 0. Suppose -c = 4*c - q. Calculate the highest common factor of 104 and c.
13
Let g(o) = -38*o. Let a be g(-1). Let x be (-15)/25 - (-2 + (-2252)/20). Calculate the highest common divisor of x and a.
38
Let r(a) = -15*a + 11. Let j(z) = -74*z + 56. Let t(b) = -3*j(b) + 16*r(b). Let y be t(-5). What is the greatest common divisor of y and 14?
14
Let h = 19 + -8. Suppose -19*r + 2*y = -14*r + 40, -4*y + 30 = -5*r. Let c be 5 + 118 + r/5. Calculate the highest common divisor of h and c.
11
Let j = 491 - 203. What is the highest common factor of j and 9?
9
Suppose -17*g + 2*b = -16*g, 24 = 5*g + 2*b. Calculate the highest common divisor of 12 and g.
4
Let y be 12004/(-52) - (-8)/(-52). Let l = y + 350. What is the highest common factor of 17 and l?
17
Let w be (6 + -5)/((56/105)/8). Calculate the highest common divisor of w and 2535.
15
Suppose -5*w + 9 = -2*w. Suppose -74 = -3*q - 4*h, w*h - 116 = q - 6*q. Suppose q*b - 19*b - 72 = 0. What is the highest common divisor of b and 12?
12
Let o be (-88)/(-2)*(-1)/(-2). Let l be (5/15)/(2/846). Suppose 4*t - 142 = 5*u, 5*t - 3*u - l - 30 = 0. What is the greatest common divisor of t and o?
11
Let p(j) be the first derivative of j**3/3 + 3*j**2 - j - 6. Let i be 21/18*-2*3. Let v be p(i). What is the greatest common divisor of 4 and v?
2
Let r = 17 - 17. Suppose r = -t - 5 + 12. Let o(q) = -q**3 + 8*q**2 - 3*q - 4. Let a be o(t). Calculate the greatest common divisor of 8 and a.
8
Suppose 4*w + 92 = q - 2*q, -8 = w + 4*q. Let j be -1*4/w + (-285)/(-18). Calculate the greatest common divisor of j and 40.
8
Let t(n) be the third derivative of n**5/60 + n**4/8 + 5*n**3/6 - 3*n**2. Let s be t(-5). What is the greatest common divisor of 10 and s?
5
Suppose 5*h = 4*y + 10522, -5*h + h + 8426 = y. Calculate the highest common factor of h and 54.
54
Let r = 1923 + -1817. Calculate the greatest common divisor of r and 8.
2
Let y(n) = n**3 + 10*n**2 - 9*n + 15. Let t be y(-11). Let q be (7/t)/(1/4). Let z be q/3*(-2 - 1). What is the highest common factor of 2 and z?
2
Let y be (-20)/70 + (2 - 1446/(-14)). Let c = -22 + 37. Calculate the highest common divisor of y and c.
15
Let f = -17 + 23. Let t be (f/18 + (-284)/(-3))*1. Calculate the greatest common divisor of 19 and t.
19
Let r(k) = k**3 + 6*k**2 - 8*k - 5. Let j be r(-5). Let w be (j/9)/(8/12). What is the greatest common factor of 80 and w?
10
Let o be 36/(-27) + 11/(66/476). Suppose -2*d + 0*d + z + 7 = 0, 0 = 5*d + 3*z - 34. Suppose 0 = t - d*t + 104. What is the highest common factor of o and t?
26
Let f(y) = 4*y - 25. Let i be f(19). Let c = -23 + i. Suppose -12 = -0*u - 3*u. What is the highest common divisor of c and u?
4
Let m(r) = -r**3 + 12*r**2 - 12*r + 24. Let s be m(11). Suppose -4*i - 3*b = -20 - 454, 3*b + 462 = 4*i. Calculate the greatest common divisor of i and s.
13
Let u be -22*2*(-12)/16. Suppose -8*x = -7*x - u. Calculate the greatest common factor of x and 11.
11
Let x(p) = -p**3 + 19*p**2 + 18*p + 67. Let j be x(20). Let h be (4/6)/((-1)/(-27)). Calculate the greatest common divisor of j and h.
9
Suppose 0 = -5*q + 3*a + 142, -4*a - 15 = -q + 27. Calculate the greatest common factor of q and 702.
26
Suppose -11*r - 2240 = -25*r. Calculate the greatest common divisor of 50 and r.
10
Let s = 42 + -43. Let j be (-72 - -12)/(s - 0). Calculate the highest common divisor of 24 and j.
12
Let v(t) = t**3 + 4*t**2 - 22*t + 10. Let f be v(-7). Suppose 2*z + 2*z + 216 = 3*n, 0 = -4*n - z + 269. Calculate the greatest common factor of n and f.
17
Let x = -561 - -564. Calculate the greatest common factor of 1 and x.
1
Suppose 0 = q + q + 24. Let z be (-1)/4 - 843/q. Suppose p + 3*p = -3*o + 62, 0 = o + 5*p - 39. Calculate the highest common factor of o and z.
14
Let h(d) = 17*d - 22. Let u(l) = -l**2 - 7*l - 6. Let q be u(-5). Let x be h(q). What is the greatest common divisor of x and 115?
23
Let b(k) = 22*k**2 + k. Let o be b(1). Let r = 12 - o. Let y = 6 - r. Calculate the greatest common divisor of y and 17.
17
Suppose 35 = -9*z + 359. Calculate the highest common divisor of z and 27.
9
Let x be (-1)/(-4 + (-484)/(-120)). Let n = x - -39. Let z = 84 - 12. Calculate the highest common factor of n and z.
9
Let u be (-110)/35 - -3 - (-620)/28. Suppose 5*l - 15 = -0*l. Suppose -u = -l*z + 17. Calculate the highest common divisor of 26 and z.
13
Let w = -2242 + 1304. Let c be w/(-21) - (-2)/6. Suppose s = -0*s + 30